{"id":402,"date":"2017-08-08T08:01:23","date_gmt":"2017-08-08T06:01:23","guid":{"rendered":"http:\/\/www.faust-design.de\/produkte\/?page_id=402"},"modified":"2017-08-22T08:57:14","modified_gmt":"2017-08-22T06:57:14","slug":"roll-ups-theken-messedisplays","status":"publish","type":"page","link":"https:\/\/www.faust-design.de\/produkte\/roll-ups-theken-messedisplays\/","title":{"rendered":"Roll-Ups, Theken &amp; Messedisplays"},"content":{"rendered":"<p><strong>Roll-Ups<\/strong> sind eine perfekte L\u00f6sung, um unkompliziert Werbung zu machen. Die an sich leicht gestalteten Werbemedien eigenen sich f\u00fcr den Einsatz im Empfangsbereich eines Unternehmens. Aber auch f\u00fcr die Messe sind sie sehr gut geeignet. Das liegt daran, dass die sehr effektive und wirksame Werbung sich leicht zusammen rollen und damit transportieren l\u00e4sst. Die Nutzung der Roll-Ups ist ebenso vielf\u00e4ltig wie auch einfach. Dabei wirken die Roll-Ups sehr professionell und haben damit eine gro\u00dfe Aussagekraft an potentielle und vorhandene Kunden. Auch Theken- und Messedisplays liefern wir in hochwertiger Qualit\u00e4t.<\/p>\n<p>Displays sind in vielen Varianten eine wirksame und gleichzeitig sehr modern wirkende Werbung. Mit den entsprechenden Drucken ausgestattet, k\u00f6nnen <strong>Theken- Messedisplays<\/strong> von uns einen hohen Werbefaktor bedeuten. Auch bei den Theken- und Messedisplays liegt die Besonderheit darin, dass sie insgesamt in der Bauweise sehr leicht sind. F\u00fcr den Messebesuch bedeutet das, dass die Displays schnell auf- und abbaubar sind und dass sie auch im Eigengewicht sehr angenehm zu transportieren sind. Das ist gerade f\u00fcr Messen sehr wichtig, auf die ohnehin viele Artikel mitgenommen werden m\u00fcssen. Sowohl die Roll-Ups als auch die Theken- und Messedisplays fertigen wir nach Kundenwunsch in der Gestaltung. Auch im Druck sind unsere Roll-Ups und Theken- sowie Messedisplays sehr hochwertig und langlebig.<\/p>\n<p>Die Farbenvielfalt, die wir f\u00fcr die Roll-Ups und Theken- und Messedisplay bieten, ist sehr breit gestaffelt, so dass eine sehr individuelle Gestaltung der Werbetr\u00e4ger mit Grafiken und auch Schriften gegeben ist. In der Verarbeitung sind die Roll-Ups und Theken- sowie Messedisplays sehr hochwertig und langlebig, so dass sie viele Veranstaltungen begleiten k\u00f6nnen und als Werbemedien lange im Einsatz sein k\u00f6nnen. Dabei ist es m\u00f6glich, die Displays und Roll-Ups mit entsprechender Beleuchtung zu erg\u00e4nzen und so zus\u00e4tzlich einen Blickfang zu schaffen. Wir haben die passenden Drucktechniken zur Verf\u00fcgung, um Displays und Roll-Ups f\u00fcr die Werbung unserer Kunden optimal zu gestalten und damit gleichzeitig Werbung zu gestalten, die wirksam, leicht zu transportieren und angenehm in der Nutzung ist. Modern arbeitende Unternehmen setzen auch auf dieses Feature, um ihre Werbung zu gestalten. Dabei k\u00f6nnen diese Werbetr\u00e4ger gleicherma\u00dfen vielf\u00e4ltig wie auch sehr wirksam zum Einsatz kommen.<\/p>\n","protected":false},"excerpt":{"rendered":"<p>Roll-Ups sind eine perfekte L\u00f6sung, um unkompliziert Werbung zu machen. Die an sich leicht gestalteten Werbemedien eigenen sich f\u00fcr den Einsatz im Empfangsbereich eines Unternehmens. Aber auch f\u00fcr die Messe sind sie sehr gut geeignet. Das liegt daran, dass die sehr effektive und wirksame Werbung sich leicht zusammen rollen und damit transportieren l\u00e4sst. Die Nutzung [&hellip;]<\/p>\n","protected":false},"author":1,"featured_media":0,"parent":0,"menu_order":0,"comment_status":"closed","ping_status":"closed","template":"","meta":[],"_links":{"self":[{"href":"https:\/\/www.faust-design.de\/produkte\/wp-json\/wp\/v2\/pages\/402"}],"collection":[{"href":"https:\/\/www.faust-design.de\/produkte\/wp-json\/wp\/v2\/pages"}],"about":[{"href":"https:\/\/www.faust-design.de\/produkte\/wp-json\/wp\/v2\/types\/page"}],"author":[{"embeddable":true,"href":"https:\/\/www.faust-design.de\/produkte\/wp-json\/wp\/v2\/users\/1"}],"replies":[{"embeddable":true,"href":"https:\/\/www.faust-design.de\/produkte\/wp-json\/wp\/v2\/comments?post=402"}],"version-history":[{"count":15,"href":"https:\/\/www.faust-design.de\/produkte\/wp-json\/wp\/v2\/pages\/402\/revisions"}],"predecessor-version":[{"id":431,"href":"https:\/\/www.faust-design.de\/produkte\/wp-json\/wp\/v2\/pages\/402\/revisions\/431"}],"wp:attachment":[{"href":"https:\/\/www.faust-design.de\/produkte\/wp-json\/wp\/v2\/media?parent=402"}],"curies":[{"name":"wp","href":"https:\/\/api.w.org\/{rel}","templated":true}]}}