{"id":81,"date":"2017-05-11T15:15:54","date_gmt":"2017-05-11T13:15:54","guid":{"rendered":"http:\/\/www.faust-design.de\/produkte\/?page_id=81"},"modified":"2017-08-22T08:59:38","modified_gmt":"2017-08-22T06:59:38","slug":"poster-wahlplakate-leinwandruck","status":"publish","type":"page","link":"https:\/\/www.faust-design.de\/produkte\/poster-wahlplakate-leinwandruck\/","title":{"rendered":"Poster, Wahlplakate &#038; Leinwandruck"},"content":{"rendered":"<p>Wir bieten sowohl den Druck von <strong>Postern<\/strong> als auch <strong>Wahlplakaten<\/strong> oder den <strong>Leinwanddruck<\/strong>. Dabei bieten wir verschiedene Abmessungen, so dass die Druckartikel keinesfalls \u00fcbersehen werden k\u00f6nnen. Die Drucke sind f\u00fcr viel Veranstaltungen nutzbar und auch als Werbung in Schaufenstern oder auf Stellw\u00e4nden k\u00f6nnen die hochwertigen Drucke genutzt werden. Dabei k\u00f6nnen Kunden auf eine gro\u00dfe Bandbreite von Farben wie auch Ma\u00dfen setzen, wenn es um die Umsetzung von Plakaten und Postern wie auch dem Leinwanddruck geht.<\/p>\n<p>Viele Materialien bieten die M\u00f6glichkeit, die Drucke f\u00fcr den Au\u00dfenbereich wie auch die Nutzung im Innenbereich einzusetzen. Wahlweise kann auch auf eine einseitige Lackierung bei der Umsetzung der Drucke gesetzt werden. S\u00e4mtliche Auftr\u00e4ge werden im Offsetdruck oder Digitaldruck gefertigt. Die Nutzung der Drucke ist vielf\u00e4ltig. Sowohl Veranstaltungen k\u00f6nnen mit den Drucken beworben werden wie auch Werbung f\u00fcr Produkte oder Dienstleistungen mit diesen Druckprodukten umgesetzt werden k\u00f6nnen. Aber auch f\u00fcr Messen oder andere Veranstaltungen lassen sich die Drucke nutzen, um Aufmerksamkeit bei potentiellen Kunden zu erregen und mit hochwertiger Druckqualit\u00e4t das eigene Unternehmen perfekt darzustellen. Auch als Geschenk eignen sich solche Poster hervorragend. In der Nutzung k\u00f6nnen sie rahmenlos eingesetzt werden, was den Einsatz der Plakate und Poster sowie auch des Leinwanddrucks besonders effizient und puristisch macht.<\/p>\n<p>Wir bieten bei der Umsetzung der Drucke Staffelungen in Abh\u00e4ngigkeit von der Anzahl und der Drucktechnik besondere Preisgestaltungen. Gern stellen wir auch Produktmuster bereit, damit Kunden sich vor der Erteilung eines Auftrags von der Qualit\u00e4t der Druckprodukte \u00fcberzeugen k\u00f6nnen. Ganz nach Wunsch und Bedarf k\u00f6nnen wir in diesem Zusammenhang beispielsweise Allwetterplakate erstellen, die aufgrund der besonderen Materialwahl auch l\u00e4ngerfristig im Au\u00dfenbereich im Einsatz bleiben k\u00f6nnen. Dazu besteht auch die M\u00f6glichkeit, die Drucke auf Neonpapier umzusetzen und so besondere Aufmerksamkeit f\u00fcr die Druckprodukte zu erzielen. In den Einsatzm\u00f6glichkeiten der Drucke sind damit keine Grenzen gesetzt und auch was die Gestaltung der Drucke angeht, sind wir sehr flexibel und k\u00f6nnen Kundenw\u00fcnschen perfekt erf\u00fcllen. Sowohl Firmen als auch Vereine oder Parteien k\u00f6nnen die Druckprodukte vielf\u00e4ltig gestalten und nutzen.<\/p>\n<p>Poster, Plakate und der Leinwanddruck sind vielf\u00e4ltig einsetz- und nutzbar und damit vielf\u00e4ltig in der Nutzung.<\/p>\n","protected":false},"excerpt":{"rendered":"<p>Wir bieten sowohl den Druck von Postern als auch Wahlplakaten oder den Leinwanddruck. Dabei bieten wir verschiedene Abmessungen, so dass die Druckartikel keinesfalls \u00fcbersehen werden k\u00f6nnen. Die Drucke sind f\u00fcr viel Veranstaltungen nutzbar und auch als Werbung in Schaufenstern oder auf Stellw\u00e4nden k\u00f6nnen die hochwertigen Drucke genutzt werden. Dabei k\u00f6nnen Kunden auf eine gro\u00dfe Bandbreite [&hellip;]<\/p>\n","protected":false},"author":1,"featured_media":0,"parent":0,"menu_order":0,"comment_status":"closed","ping_status":"closed","template":"","meta":[],"_links":{"self":[{"href":"https:\/\/www.faust-design.de\/produkte\/wp-json\/wp\/v2\/pages\/81"}],"collection":[{"href":"https:\/\/www.faust-design.de\/produkte\/wp-json\/wp\/v2\/pages"}],"about":[{"href":"https:\/\/www.faust-design.de\/produkte\/wp-json\/wp\/v2\/types\/page"}],"author":[{"embeddable":true,"href":"https:\/\/www.faust-design.de\/produkte\/wp-json\/wp\/v2\/users\/1"}],"replies":[{"embeddable":true,"href":"https:\/\/www.faust-design.de\/produkte\/wp-json\/wp\/v2\/comments?post=81"}],"version-history":[{"count":5,"href":"https:\/\/www.faust-design.de\/produkte\/wp-json\/wp\/v2\/pages\/81\/revisions"}],"predecessor-version":[{"id":434,"href":"https:\/\/www.faust-design.de\/produkte\/wp-json\/wp\/v2\/pages\/81\/revisions\/434"}],"wp:attachment":[{"href":"https:\/\/www.faust-design.de\/produkte\/wp-json\/wp\/v2\/media?parent=81"}],"curies":[{"name":"wp","href":"https:\/\/api.w.org\/{rel}","templated":true}]}}