{"id":86,"date":"2017-05-11T15:17:34","date_gmt":"2017-05-11T13:17:34","guid":{"rendered":"http:\/\/www.faust-design.de\/produkte\/?page_id=86"},"modified":"2018-03-23T09:57:42","modified_gmt":"2018-03-23T08:57:42","slug":"aufkleber-pruefetiketten-folienschrift","status":"publish","type":"page","link":"https:\/\/www.faust-design.de\/produkte\/aufkleber-pruefetiketten-folienschrift\/","title":{"rendered":"Aufkleber, Pr\u00fcfetiketten &#038; Folienschrift"},"content":{"rendered":"<p><strong>\u00a0<\/strong><img loading=\"lazy\" class=\"wp-image-448  alignleft\" src=\"http:\/\/www.faust-design.de\/produkte\/wp-content\/uploads\/2017\/05\/Aufkleber-2.jpg\" alt=\"\" width=\"295\" height=\"220\" srcset=\"https:\/\/www.faust-design.de\/produkte\/wp-content\/uploads\/2017\/05\/Aufkleber-2.jpg 640w, https:\/\/www.faust-design.de\/produkte\/wp-content\/uploads\/2017\/05\/Aufkleber-2-300x224.jpg 300w, https:\/\/www.faust-design.de\/produkte\/wp-content\/uploads\/2017\/05\/Aufkleber-2-24x18.jpg 24w, https:\/\/www.faust-design.de\/produkte\/wp-content\/uploads\/2017\/05\/Aufkleber-2-36x27.jpg 36w, https:\/\/www.faust-design.de\/produkte\/wp-content\/uploads\/2017\/05\/Aufkleber-2-48x36.jpg 48w\" sizes=\"(max-width: 295px) 100vw, 295px\" \/><strong>Aufkleber<\/strong> sind ein wirksames Mittel, um Aufmerksamkeit zu erregen. Dabei sind Aufkleber klein und handlich und sie k\u00f6nnen auch auf kleineren Fl\u00e4chen wirksam zum Einsatz kommen. Die Besonderheit der Aufkleber liegt darin, dass Unternehmen sie f\u00fcr die eigene Werbung nutzen k\u00f6nnen, indem sie Kunden und potentiellen Kunden diese Aufkleber schenken und damit bewirken, dass die Kunden Autos oder andere Gegenst\u00e4nde mit den Aufklebern verzieren &#8211; so eine effektive und f\u00fcr das Unternehmen v\u00f6llig kostenfreie Werbung umsetzen. In den Druckverfahren sind viele M\u00f6glichkeiten f\u00fcr die Aufkleber gegeben und auch was die farbliche Gestaltung der Aufkleber angeht, gibt es viele wirksame und optisch ansprechende L\u00f6sungen, um die Aufkleber zu gestalten. Aufkleber werden sehr h\u00e4ufig auch von Sportvereinen oder anderen Vereinen genutzt, um sich selbst bekannt zu machen. Allerdings bestehen f\u00fcr Aufkleber sehr vielf\u00e4ltige Nutzungsm\u00f6glichkeiten.<\/p>\n<p><strong>Pr\u00fcfetiketten<\/strong> haben die Aufgabe, schnell sichtbar zu sein und einen Beleg zu liefern, dass bestimmte Anlagen einer Pr\u00fcfung unterzogen wurden. Dabei sind die Anforderungen an Pr\u00fcfetiketten sehr hoch angelegt. Es ist n\u00e4mlich so, dass Pr\u00fcfetiketten \u00fcber einen langen Zeitraum deutlich lesbar sein m\u00fcssen, bis sie dann nach einem Zeitintervall, der sehr individuell ist, ausgetauscht oder \u00fcberklebt werden. Wir bieten die M\u00f6glichkeit, die Pr\u00fcfetiketten so zu drucken, dass sie den hohen Anforderungen, denen sie t\u00e4glich ausgesetzt sind, problemlos Stand halten. Daf\u00fcr sind hochwertige Basismaterialien, aber auch ein sehr hochwertiger Druck und die Nutzung bester Farben notwendig, denn nur dann haben Pr\u00fcfetiketten l\u00e4ngerfristig Bestand. Wir bieten Pr\u00fcfetiketten in gro\u00dfer Bandbreite und ganz auf den Kundenbedarf abgestimmt.<\/p>\n<p><strong>Folienschrift<\/strong> ist vielf\u00e4ltig einsetzbar. Eine sehr bekannte Nutzung der Folienschrift besteht darin, dass Schaufenster mit der folienschrift wirksam und auffallend gestaltet werden. Damit ist die Folienschrift eine einerseits g\u00fcnstige, andererseits sehr wirksame Werbung f\u00fcr jedes Ladenlokal. Nach Wunsch in der Gr\u00f6\u00dfe und der Farbe gestaltet, kann die Folienschrift auch auf weite Entfernung hin bereits ins Auge fallen und die Aufmerksamkeit von Betrachtern erzielen. Eine Besonderheit liegt bei der Folienschrift darin, dass die vielf\u00e4ltigen Gestaltungsm\u00f6glichkeiten im Hinblick auf Farbe und Schriftart diese Werbung sehr individuell machen. Dazu l\u00e4sst sich die Folienschrift schnell und einfach anbringen und bietet auch hier eine Kostenersparnis. Folienschrift kann ohne weitere Vorkenntnisse und fachliche Kenntnisse auf vielen Untergr\u00fcnden professionell angebracht werden und sehr professionell wirken.<\/p>\n","protected":false},"excerpt":{"rendered":"<p>\u00a0Aufkleber sind ein wirksames Mittel, um Aufmerksamkeit zu erregen. Dabei sind Aufkleber klein und handlich und sie k\u00f6nnen auch auf kleineren Fl\u00e4chen wirksam zum Einsatz kommen. Die Besonderheit der Aufkleber liegt darin, dass Unternehmen sie f\u00fcr die eigene Werbung nutzen k\u00f6nnen, indem sie Kunden und potentiellen Kunden diese Aufkleber schenken und damit bewirken, dass die [&hellip;]<\/p>\n","protected":false},"author":1,"featured_media":0,"parent":0,"menu_order":0,"comment_status":"closed","ping_status":"closed","template":"templates\/no-sidebar.php","meta":[],"_links":{"self":[{"href":"https:\/\/www.faust-design.de\/produkte\/wp-json\/wp\/v2\/pages\/86"}],"collection":[{"href":"https:\/\/www.faust-design.de\/produkte\/wp-json\/wp\/v2\/pages"}],"about":[{"href":"https:\/\/www.faust-design.de\/produkte\/wp-json\/wp\/v2\/types\/page"}],"author":[{"embeddable":true,"href":"https:\/\/www.faust-design.de\/produkte\/wp-json\/wp\/v2\/users\/1"}],"replies":[{"embeddable":true,"href":"https:\/\/www.faust-design.de\/produkte\/wp-json\/wp\/v2\/comments?post=86"}],"version-history":[{"count":8,"href":"https:\/\/www.faust-design.de\/produkte\/wp-json\/wp\/v2\/pages\/86\/revisions"}],"predecessor-version":[{"id":450,"href":"https:\/\/www.faust-design.de\/produkte\/wp-json\/wp\/v2\/pages\/86\/revisions\/450"}],"wp:attachment":[{"href":"https:\/\/www.faust-design.de\/produkte\/wp-json\/wp\/v2\/media?parent=86"}],"curies":[{"name":"wp","href":"https:\/\/api.w.org\/{rel}","templated":true}]}}