{"id":90,"date":"2017-05-11T15:19:45","date_gmt":"2017-05-11T13:19:45","guid":{"rendered":"http:\/\/www.faust-design.de\/produkte\/?page_id=90"},"modified":"2018-03-23T10:03:05","modified_gmt":"2018-03-23T09:03:05","slug":"fahnen-beach-flags-stoffdruck","status":"publish","type":"page","link":"https:\/\/www.faust-design.de\/produkte\/fahnen-beach-flags-stoffdruck\/","title":{"rendered":"Fahnen, Beach-Flags &#038; Stoffdruck"},"content":{"rendered":"<p><img loading=\"lazy\" class=\"size-medium wp-image-453 alignleft\" src=\"http:\/\/www.faust-design.de\/produkte\/wp-content\/uploads\/2017\/05\/DSCF6160-300x225.jpg\" alt=\"\" width=\"300\" height=\"225\" srcset=\"https:\/\/www.faust-design.de\/produkte\/wp-content\/uploads\/2017\/05\/DSCF6160-300x225.jpg 300w, https:\/\/www.faust-design.de\/produkte\/wp-content\/uploads\/2017\/05\/DSCF6160-768x576.jpg 768w, https:\/\/www.faust-design.de\/produkte\/wp-content\/uploads\/2017\/05\/DSCF6160-1024x768.jpg 1024w, https:\/\/www.faust-design.de\/produkte\/wp-content\/uploads\/2017\/05\/DSCF6160-24x18.jpg 24w, https:\/\/www.faust-design.de\/produkte\/wp-content\/uploads\/2017\/05\/DSCF6160-36x27.jpg 36w, https:\/\/www.faust-design.de\/produkte\/wp-content\/uploads\/2017\/05\/DSCF6160-48x36.jpg 48w\" sizes=\"(max-width: 300px) 100vw, 300px\" \/>Fahnen Beach-Flags sowie Stoffdruck sind variantenreiche M\u00f6glichkeiten, eine Werbung zu gestalten. Dabei k\u00f6nnen Fahnen wie auch Beach-Flags und der Stoffdruck durch die vielen Gestaltungsm\u00f6glichkeiten einen sehr individuellen Charakter erhalten.<\/p>\n<p>Anders als es der Name vermuten l\u00e4sst, k\u00f6nnen Beach-Flags auf vielf\u00e4ltige Weise eingesetzt werden und auch einen Blickfang vor einem Ladenlokal darstellen. Die Besonderheit bei Fahnen sowie Auch Beach-Flags und dem Stoffdruck liegt darin, dass hier eine Werbung geschaffen ist, die beweglich ist. Werden diese Werbetr\u00e4ger beispielsweise im Au\u00dfenbereich befestigt, dann werden sie durch den wind bewegt und bewirken damit eine weitere Aufmerksamkeit bei Passanten. Sowohl Fahnen als auch Beach-Flags und der Stoffdruck werden auf textilem Material umgesetzt. Dabei kann der Kunde frei entscheiden, welches textile Material als Basis f\u00fcr die Drucke genutzt werden soll. Sowohl matte als auch hochgl\u00e4nzende Stoffe stehen zur Verf\u00fcgung. Weiterhin k\u00f6nnen auch besonders witterungsresistente textile Materialien f\u00fcr Fahnen, Beach-Flags und den Stoffdruck zum Einsatz kommen. Das hat den Vorteil, dass die Werbung im Au\u00dfenbereich verbleiben kann und dass sie dennoch langlebig und witterungsresistent ist.<\/p>\n<p><strong>Fahnen<\/strong> wie auch <strong>Beach-Flags<\/strong> und der <strong>Stoffdruck<\/strong> k\u00f6nnen als gleicherma\u00dfen kreative wie auch moderne L\u00f6sungen f\u00fcr die Werbung zum Einsatz kommen. Im Ladengesch\u00e4ft, im Unternehmen selbst wie auch auf Messen k\u00f6nnen diese Werbetr\u00e4ger sehr wirksam zum Einsatz kommen. Dabei sind sowohl Fahnen wie auch Beach-Flags und Stoffdrucke sehr leicht und damit einfach zu transportieren. Das bedeutet, dass diese Werbetr\u00e4ger auch auf einer Messe sehr gut zum Einsatz gelangen k\u00f6nnen und eine wirksame und blickfangende Wirkung haben k\u00f6nnen. Beach-Flags k\u00f6nnen sogar so gestaltet werden, dass Personal mit diesen Flags ausgestattet wird und damit als Promoter besondere Aufmerksamkeit erregt. Dazu sind Fahnen und Beach-Flags sowohl in der Gr\u00f6\u00dfe wie auch der Form sehr vielf\u00e4ltig gestaltbar. Das bringt es mit sich, dass die Einsatzm\u00f6glichkeiten auch sehr vielf\u00e4ltig sind. Als Werbetr\u00e4ger haben sich Beach-Flags auf dem Markt der Werbung etabliert, dennoch sind die Gestaltungsm\u00f6glichkeiten so vielf\u00e4ltig, dass immer wieder individuelle und auf den Bedarf des Nutzer ausgerichtete Gestaltungen entstehen.<\/p>\n","protected":false},"excerpt":{"rendered":"<p>Fahnen Beach-Flags sowie Stoffdruck sind variantenreiche M\u00f6glichkeiten, eine Werbung zu gestalten. Dabei k\u00f6nnen Fahnen wie auch Beach-Flags und der Stoffdruck durch die vielen Gestaltungsm\u00f6glichkeiten einen sehr individuellen Charakter erhalten. Anders als es der Name vermuten l\u00e4sst, k\u00f6nnen Beach-Flags auf vielf\u00e4ltige Weise eingesetzt werden und auch einen Blickfang vor einem Ladenlokal darstellen. Die Besonderheit bei Fahnen [&hellip;]<\/p>\n","protected":false},"author":1,"featured_media":0,"parent":0,"menu_order":0,"comment_status":"closed","ping_status":"closed","template":"templates\/no-sidebar.php","meta":[],"_links":{"self":[{"href":"https:\/\/www.faust-design.de\/produkte\/wp-json\/wp\/v2\/pages\/90"}],"collection":[{"href":"https:\/\/www.faust-design.de\/produkte\/wp-json\/wp\/v2\/pages"}],"about":[{"href":"https:\/\/www.faust-design.de\/produkte\/wp-json\/wp\/v2\/types\/page"}],"author":[{"embeddable":true,"href":"https:\/\/www.faust-design.de\/produkte\/wp-json\/wp\/v2\/users\/1"}],"replies":[{"embeddable":true,"href":"https:\/\/www.faust-design.de\/produkte\/wp-json\/wp\/v2\/comments?post=90"}],"version-history":[{"count":5,"href":"https:\/\/www.faust-design.de\/produkte\/wp-json\/wp\/v2\/pages\/90\/revisions"}],"predecessor-version":[{"id":454,"href":"https:\/\/www.faust-design.de\/produkte\/wp-json\/wp\/v2\/pages\/90\/revisions\/454"}],"wp:attachment":[{"href":"https:\/\/www.faust-design.de\/produkte\/wp-json\/wp\/v2\/media?parent=90"}],"curies":[{"name":"wp","href":"https:\/\/api.w.org\/{rel}","templated":true}]}}